{"id":614,"date":"2022-03-29T04:46:12","date_gmt":"2022-03-29T04:46:12","guid":{"rendered":"https:\/\/allday.tecnoavisos.com.co\/?post_type=product&#038;p=614"},"modified":"2022-04-09T16:50:25","modified_gmt":"2022-04-09T16:50:25","slug":"cuadros-estampados-cascadas","status":"publish","type":"product","link":"https:\/\/allday.tecnoavisos.com.co\/index.php\/product\/cuadros-estampados-cascadas\/","title":{"rendered":"Cuadros estampados Cascadas"},"content":{"rendered":"<p>Precio para m\u00e1s de 100 unidades: $ 59.900<\/p>\n<p>Cuadros estampados para ambientar hogar, oficina o cualquier lugar.<\/p>\n<p>Material: Cuero sint\u00e9tico, Cer\u00e1mica, tela, acr\u00edlico, vinilo adhesivo, papel (Afiches)<\/p>\n<p>Medidas de 106 x 60 cm &#8211; 90 x 60 cm<\/p>\n<p>Antes de concretar la compra, comun\u00edcate con nosotros para solicitar descuento de mayorista.<\/p>\n","protected":false},"excerpt":{"rendered":"<p>Cuadros estampados Cascadas<\/p>\n","protected":false},"featured_media":1148,"comment_status":"open","ping_status":"closed","template":"","meta":[],"product_cat":[15],"product_tag":[40,38,33,37,34,35,36,42,39,41],"featured_media_urls":{"thumbnail":["https:\/\/allday.tecnoavisos.com.co\/wp-content\/uploads\/2022\/04\/CUADRO-027-150x150.jpg",150,150,true],"medium":["https:\/\/allday.tecnoavisos.com.co\/wp-content\/uploads\/2022\/04\/CUADRO-027-300x179.jpg",300,179,true],"medium_large":["https:\/\/allday.tecnoavisos.com.co\/wp-content\/uploads\/2022\/04\/CUADRO-027-768x458.jpg",768,458,true],"large":["https:\/\/allday.tecnoavisos.com.co\/wp-content\/uploads\/2022\/04\/CUADRO-027-1024x611.jpg",950,567,true],"1536x1536":["https:\/\/allday.tecnoavisos.com.co\/wp-content\/uploads\/2022\/04\/CUADRO-027-1536x917.jpg",1536,917,true],"2048x2048":["https:\/\/allday.tecnoavisos.com.co\/wp-content\/uploads\/2022\/04\/CUADRO-027.jpg",1860,1110,false],"inspiro-featured-image":["https:\/\/allday.tecnoavisos.com.co\/wp-content\/uploads\/2022\/04\/CUADRO-027.jpg",1860,1110,false],"inspiro-loop":["https:\/\/allday.tecnoavisos.com.co\/wp-content\/uploads\/2022\/04\/CUADRO-027-950x320.jpg",950,320,true],"inspiro-loop@2x":["https:\/\/allday.tecnoavisos.com.co\/wp-content\/uploads\/2022\/04\/CUADRO-027-1860x640.jpg",1860,640,true],"woocommerce_thumbnail":["https:\/\/allday.tecnoavisos.com.co\/wp-content\/uploads\/2022\/04\/CUADRO-027-600x358.jpg",600,358,true],"woocommerce_single":["https:\/\/allday.tecnoavisos.com.co\/wp-content\/uploads\/2022\/04\/CUADRO-027-600x358.jpg",600,358,true],"woocommerce_gallery_thumbnail":["https:\/\/allday.tecnoavisos.com.co\/wp-content\/uploads\/2022\/04\/CUADRO-027-100x100.jpg",100,100,true],"shop_catalog":["https:\/\/allday.tecnoavisos.com.co\/wp-content\/uploads\/2022\/04\/CUADRO-027-600x358.jpg",600,358,true],"shop_single":["https:\/\/allday.tecnoavisos.com.co\/wp-content\/uploads\/2022\/04\/CUADRO-027-600x358.jpg",600,358,true],"shop_thumbnail":["https:\/\/allday.tecnoavisos.com.co\/wp-content\/uploads\/2022\/04\/CUADRO-027-100x100.jpg",100,100,true],"portfolio_item-thumbnail":["https:\/\/allday.tecnoavisos.com.co\/wp-content\/uploads\/2022\/04\/CUADRO-027.jpg",600,358,false]},"_links":{"self":[{"href":"https:\/\/allday.tecnoavisos.com.co\/index.php\/wp-json\/wp\/v2\/product\/614"}],"collection":[{"href":"https:\/\/allday.tecnoavisos.com.co\/index.php\/wp-json\/wp\/v2\/product"}],"about":[{"href":"https:\/\/allday.tecnoavisos.com.co\/index.php\/wp-json\/wp\/v2\/types\/product"}],"replies":[{"embeddable":true,"href":"https:\/\/allday.tecnoavisos.com.co\/index.php\/wp-json\/wp\/v2\/comments?post=614"}],"wp:featuredmedia":[{"embeddable":true,"href":"https:\/\/allday.tecnoavisos.com.co\/index.php\/wp-json\/wp\/v2\/media\/1148"}],"wp:attachment":[{"href":"https:\/\/allday.tecnoavisos.com.co\/index.php\/wp-json\/wp\/v2\/media?parent=614"}],"wp:term":[{"taxonomy":"product_cat","embeddable":true,"href":"https:\/\/allday.tecnoavisos.com.co\/index.php\/wp-json\/wp\/v2\/product_cat?post=614"},{"taxonomy":"product_tag","embeddable":true,"href":"https:\/\/allday.tecnoavisos.com.co\/index.php\/wp-json\/wp\/v2\/product_tag?post=614"}],"curies":[{"name":"wp","href":"https:\/\/api.w.org\/{rel}","templated":true}]}}